2 - 20*r**3. Let d be i(5). Calculate the greatest common divisor of d and 56.
14
Let g(b) = 3*b**2 - 2*b - 1. Let m be g(-1). Suppose m*r - 5 = 171. What is the greatest common factor of 4 and r?
4
Suppose -4*q + 5*a = -11, -4*a = -41*q + 37*q + 16. Suppose -3*y + 1 = -17. Calculate the greatest common factor of y and q.
3
Let q be (-5 - -1)/(6/(-33)). Suppose c + 3 = 0, -3*z = 2*z - 4*c - q. Calculate the greatest common factor of z and 14.
2
Let s = 48 + -35. Calculate the highest common divisor of s and 65.
13
Let i = 40 + -28. Let m be -2 + (1 - (-2 + 5)). Let q = i + m. What is the greatest common divisor of 64 and q?
8
Let a = -8 + 7. Let n(d) = -63*d. Let y be n(a). Let z(h) = 6*h**3 + 2*h**2 - 1. Let p be z(1). Calculate the highest common divisor of y and p.
7
Let n = 13 + -3. Suppose 0 = -5*m + 4*m + n. Calculate the greatest common divisor of m and 50.
10
Let c(i) = -i**3 + 14*i**2 - i + 22. Let p be c(14). What is the highest common factor of p and 56?
8
Let r(y) = -3*y**3 - y**2 - 2*y. Let f be r(-2). Suppose 5*a - f = 36. Calculate the greatest common divisor of a and 6.
6
Let d(g) = 18*g**2 + 2*g + 1. Let x be d(-1). Calculate the highest common factor of 85 and x.
17
Suppose 2*k + 8 = -26. Let b = 41 + k. Calculate the highest common factor of b and 3.
3
Let x(b) = -b**3 + 9*b**2 + b + 3. Let w be x(7). Calculate the greatest common divisor of w and 36.
36
Let o(c) = 5*c + 8. Let f be o(5). Calculate the greatest common factor of 55 and f.
11
Suppose 3*v + v - 44 = -4*p, 3*p - 2*v = 18. What is the highest common factor of 32 and p?
8
Let t(c) = -c**2 - 15*c - 10. Let z be t(-10). What is the greatest common factor of 200 and z?
40
Let p be 0/(-1)*(-3)/(-6). Suppose 5*h - 2*r - 126 = p, 6*h = h - 5*r + 105. Calculate the greatest common divisor of h and 12.
12
Let u(j) = 15*j - 3. Let k be u(1). Calculate the highest common divisor of k and 108.
12
Let h(a) = a**2 - 6*a + 5. Let z be h(5). Suppose -p + 2*p - 30 = z. What is the highest common factor of 45 and p?
15
Let b = -20 + 32. Calculate the highest common divisor of 6 and b.
6
Suppose -8 = 2*l, 0*w - 2*l - 206 = -3*w. Calculate the highest common divisor of w and 22.
22
Let g(a) = a + 5*a**3 - 6*a + 14 + 4*a + a**2 - 6*a**3. Let k be g(0). Calculate the greatest common factor of 21 and k.
7
Suppose -4*p = -0 - 4. Let s be 9 - (p + -1 + -1). Suppose 26 + s = 2*n. What is the highest common factor of 12 and n?
6
Let h be (-2 - (-10)/4)*16. Let c be (3/1)/(12/72). Let g be (-118)/(-14) + c/(-42). What is the greatest common divisor of h and g?
8
Suppose v + 0*v = 0. Suppose -u - f = 4*f - 45, v = -3*u + 3*f + 189. Let m = -5 + 29. What is the greatest common factor of u and m?
12
Let q = 9 - 7. Calculate the greatest common divisor of q and 14.
2
Let r be 2535/20 + (-12)/16. What is the highest common factor of r and 14?
14
Let w = 31 + 45. Suppose 2*a + 2*a = w. Suppose 0 = -o + 4*j + 88, -4*o + 8*j - 5*j + 313 = 0. What is the highest common divisor of a and o?
19
Suppose 2*v = 6 + 2. Suppose -2*z + 2 = -v. Suppose -2*l - 3*f = -13, z*l + 4*f - 5*f = 3. Calculate the greatest common divisor of l and 14.
2
Let k be -12*2/(-8) + -1 + 66. Calculate the greatest common divisor of k and 170.
34
Suppose -5*m + 4*z + 3 = 0, 9 - 3 = -m + 3*z. Suppose -l - 2*d = -0*l - 26, 5*d + 34 = m*l. Calculate the greatest common factor of l and 36.
18
Suppose 54 = 4*i - 206. Let y(f) = f + 1. Let d(x) = x. Let b(w) = -d(w) - y(w). Let q be b(-7). What is the highest common factor of i and q?
13
Suppose -6 - 18 = -3*q. Let l = q - 17. Let c = 7 - l. Calculate the highest common factor of 112 and c.
16
Suppose 3*k - 2*m = 123, -4*m - 31 = -3*k + 2*k. Calculate the highest common divisor of k and 172.
43
Let i = -29 - -21. Let a(v) = v**2 + 6*v - 4. Let q be a(i). Calculate the greatest common factor of q and 12.
12
Let u(b) = b**3 - 6*b**2 + 4*b - 3. Let m be u(4). Let p = m - -34. Calculate the greatest common divisor of 5 and p.
5
Let q = 33 - 32. Let a be 0 + 2 + 2 - -1. Calculate the greatest common divisor of q and a.
1
Suppose -3*a = 20 - 131. What is the highest common factor of a and 74?
37
Suppose -2 = -2*o + 22. Let v be (24/(-16))/((-2)/o). What is the greatest common divisor of 3 and v?
3
Suppose 481 = 8*u + 121. What is the highest common divisor of 495 and u?
45
Suppose -2*q = 5*y - 10, 0*q - 8 = 3*y + 4*q. Let u be (84/y)/(2/6). Let t be (3/2)/(1/6). What is the highest common divisor of u and t?
9
Let z be 1 - (-2 - 0/(-3)). What is the highest common divisor of 27 and z?
3
Suppose z - 5*z + 4*v = -408, -4*z - 2*v = -384. Calculate the highest common divisor of z and 14.
14
Suppose 0 = 3*b + 5*l - 60, 0 = 4*b - l - 91 + 34. Suppose 4*n = 169 + 251. What is the highest common divisor of n and b?
15
Let j = 4 - -4. Suppose -4*a + 48 = -3*g, 2*a - 3*g + j*g = -2. Calculate the highest common divisor of 90 and a.
9
Suppose 2*j + 3*j = 35. Suppose 0 = 2*x + 2*t - 183 + 37, 4*x + 2*t - 300 = 0. Calculate the highest common factor of x and j.
7
Let n be (72/(-14))/(12/(-294)). Let l(c) = 2*c**3 - 2*c**2 + 4*c - 2. Let o be l(2). What is the greatest common factor of o and n?
14
Let a(r) = -r + 333. Let h be a(0). Suppose 5*w + 43 - h = 0. Suppose 0*t + w = 3*l - t, 26 = l + 3*t. What is the greatest common divisor of 4 and l?
4
Let g(n) = n**3 + 14*n**2 - 2*n - 18. Let y be g(-14). Calculate the highest common divisor of 5 and y.
5
Let r be ((-2)/4 - 0) + 19/2. Calculate the greatest common divisor of r and 63.
9
Suppose 0 = o + 5*d - 22, 0 = -4*o - 0*d + 5*d - 12. Suppose 5*u - 18 = -o*w + 3*u, -w = 2*u - 11. What is the highest common divisor of 35 and w?
7
Let x(z) be the second derivative of -z**4/12 - z**3/2 + 3*z**2/2 - z. Let w be x(-3). Suppose -44 = -o - w*o. What is the greatest common divisor of o and 121?
11
Suppose 4*r = a + 39, -2*r = 2*r + 2*a - 42. Let t be 2/(-5) - 1764/(-35). What is the highest common factor of r and t?
10
Let y = 0 + 0. Suppose y*g + 7 = g. Let z be 33/(-22) - 146/(-4). What is the greatest common factor of g and z?
7
Suppose 6*l = 3*q + l - 130, -8 = 4*l. What is the highest common factor of 100 and q?
20
Let w = 0 + 3. Suppose -2*u - 21 - 1 = -4*y, 9 = w*y + u. What is the highest common factor of 4 and y?
4
Let k(x) = x**3 + 7*x**2 - 3*x + 13. Let a be k(-7). Calculate the greatest common divisor of a and 34.
34
Let c be (5/15)/((-2)/(-18)). Suppose c*d - 2*y - 70 - 66 = 0, 4*d + 5*y - 143 = 0. What is the greatest common divisor of 6 and d?
6
Let y be ((-2)/(-3))/(2/6). Suppose x + 3*x - 22 = -y*o, -4*o - 10 = -x. What is the greatest common divisor of 30 and x?
6
Suppose 5*q + 78 = -2*c - 71, -c - 2 = 0. Let v = q - -59. What is the highest common factor of v and 12?
6
Let t = 27 + -3. Suppose -21 = -l + 15. Calculate the highest common divisor of t and l.
12
Suppose 11 + 5 = 4*t. What is the greatest common factor of t and 6?
2
Suppose -11 = -4*j + 85. Calculate the highest common divisor of 192 and j.
24
Let h = 443 + -387. Suppose 7*g - 10 = 2*g, -3 = 3*q - 3*g. Suppose 0 = -b + 8 - q. Calculate the highest common divisor of h and b.
7
Suppose 3*c - 2*c = 6. Let q = 10 - c. What is the highest common divisor of q and 10?
2
Let y(x) = -2*x + 10. Let n be y(-2). Calculate the greatest common factor of n and 21.
7
Let n be (31 - 10)*(1 - (-8)/6). What is the highest common divisor of n and 7?
7
Suppose -h + 39 = 4*z, 5*h - 3 = -3*z + 5. Calculate the greatest common factor of z and 2.
1
Let p(a) = a**3 + 5*a**2 + 3*a - 3. Let l be p(-3). What is the greatest common divisor of l and 48?
6
Suppose 1 = 4*y + 9. Let f(w) = 0 + 5*w**2 + 1 + w**2 + 3*w - w**2. Let s be f(y). Calculate the highest common factor of s and 15.
15
Let l be 4 + -1 - (-383 - -4). Suppose -3*s = -2*u - l + 153, -2*u - 152 = -2*s. Let w = -6 + 17. Calculate the greatest common factor of w and s.
11
Suppose -5*d + 162 = -2*m, -m - 3*m = 3*d - 92. What is the highest common divisor of d and 80?
16
Let i(a) = a**2 + 10*a + 9. Let v be i(-7). Let q = v - -1. Let y(w) = w**3 + 11*w**2 - w - 3. Let n be y(q). What is the greatest common divisor of n and 4?
4
Let z be 1/(-3)*4*-6. Let m(o) be the first derivative of -o**4/4 + 20*o + 9. Let y be m(0). Calculate the highest comm